{"id":28577,"date":"2026-03-04T11:12:42","date_gmt":"2026-03-04T11:12:42","guid":{"rendered":"https:\/\/tztz.ba\/ba\/?post_type=dogadaji&#038;p=28577"},"modified":"2026-03-04T11:12:49","modified_gmt":"2026-03-04T11:12:49","slug":"izlozba-nasa-zena-u-ateljeu-ismet-mujezinovic-tuzla","status":"publish","type":"dogadaji","link":"https:\/\/tztz.ba\/ba\/dogadaji\/izlozba-nasa-zena-u-ateljeu-ismet-mujezinovic-tuzla\/","title":{"rendered":"Izlo\u017eba \u201cNa\u0161a \u017eena\u201d u ateljeu \u201cIsmet Mujezinovi\u0107\u201d Tuzla"},"content":{"rendered":"\n<p>Povodom 8.marta &#8211; Me\u0111unarodnog dana \u017eena, u \u010detvrtak, 05.marta 2026.godine u 14:00 sati, u ateljeu &#8220;Ismet Mujezinovi\u0107&#8221; u sastavu Centra za kulturu Tuzla, bi\u0107e otvorena izlo\u017eba radova i kustosko vo\u0111enje kroz izlo\u017ebu &#8220;Na\u0161a \u017eena&#8221;.<\/p>\n\n\n\n<p>Izlo\u017ebu realizuju Historijski muzej Bosne i Hercegovine i Fond generalnog sekretara Ujedinjenih nacija za izgradnju mira u BiH, kroz projekat &#8220;Women of Bosnia and Herzegovina &#8211; Connecting Past and Present&#8221;.<\/p>\n\n\n\n<p>Izlo\u017eba &#8220;Na\u0161a \u017eena&#8221; istra\u017euje prisustvo, djelovanje i naslije\u0111e \u017eena u Bosni i Hercegovini kroz dva klju\u010dna razdoblja, poslije 1945. i poslije 1995.godine. Kroz dokumente, arhivske materijale i savremene umjetni\u010dke radove, izlo\u017eba povezuje historiju sa savremenim promi\u0161ljanjima polo\u017eaja \u017eena u na\u0161em dru\u0161tvu. U fokusu izlo\u017ebe su pri\u010de o \u017eenskom iskustvu za vrijeme dru\u0161tvenih promjena, politi\u010dkih isklju\u010denja i razli\u010ditih oblika otpora.<\/p>\n","protected":false},"featured_media":28578,"template":"","categories":[9],"tags":[],"class_list":["post-28577","dogadaji","type-dogadaji","status-publish","has-post-thumbnail","hentry","category-kultura"],"_links":{"self":[{"href":"https:\/\/tztz.ba\/ba\/wp-json\/wp\/v2\/dogadaji\/28577","targetHints":{"allow":["GET"]}}],"collection":[{"href":"https:\/\/tztz.ba\/ba\/wp-json\/wp\/v2\/dogadaji"}],"about":[{"href":"https:\/\/tztz.ba\/ba\/wp-json\/wp\/v2\/types\/dogadaji"}],"wp:featuredmedia":[{"embeddable":true,"href":"https:\/\/tztz.ba\/ba\/wp-json\/wp\/v2\/media\/28578"}],"wp:attachment":[{"href":"https:\/\/tztz.ba\/ba\/wp-json\/wp\/v2\/media?parent=28577"}],"wp:term":[{"taxonomy":"category","embeddable":true,"href":"https:\/\/tztz.ba\/ba\/wp-json\/wp\/v2\/categories?post=28577"},{"taxonomy":"post_tag","embeddable":true,"href":"https:\/\/tztz.ba\/ba\/wp-json\/wp\/v2\/tags?post=28577"}],"curies":[{"name":"wp","href":"https:\/\/api.w.org\/{rel}","templated":true}]}}

Izložba “Naša žena” u ateljeu “Ismet Mujezinović” Tuzla

<p>Povodom 8.marta &#8211; Međunarodnog dana žena, u četvrtak, 05.marta 2026.godine u 14:00 sati, u ateljeu &#8220;Ismet Mujezinović&#8221; u sastavu Centra za kulturu Tuzla, biće otvorena izložba radova i kustosko vođenje kroz izložbu &#8220;Naša žena&#8221;.</p>



<p>Izložbu realizuju Historijski muzej Bosne i Hercegovine i Fond generalnog sekretara Ujedinjenih nacija za izgradnju mira u BiH, kroz projekat &#8220;Women of Bosnia and Herzegovina &#8211; Connecting Past and Present&#8221;.</p>



<p>Izložba &#8220;Naša žena&#8221; istražuje prisustvo, djelovanje i naslijeđe žena u Bosni i Hercegovini kroz dva ključna razdoblja, poslije 1945. i poslije 1995.godine. Kroz dokumente, arhivske materijale i savremene umjetničke radove, izložba povezuje historiju sa savremenim promišljanjima položaja žena u našem društvu. U fokusu izložbe su priče o ženskom iskustvu za vrijeme društvenih promjena, političkih isključenja i različitih oblika otpora.</p>
