{"id":28795,"date":"2026-04-02T08:31:04","date_gmt":"2026-04-02T08:31:04","guid":{"rendered":"https:\/\/tztz.ba\/ba\/?post_type=dogadaji&#038;p=28795"},"modified":"2026-04-02T08:31:15","modified_gmt":"2026-04-02T08:31:15","slug":"obiljezavanje-katolickog-uskrsa","status":"publish","type":"dogadaji","link":"https:\/\/tztz.ba\/ba\/dogadaji\/obiljezavanje-katolickog-uskrsa\/","title":{"rendered":"Obilje\u017eavanje katoli\u010dkog Uskrsa"},"content":{"rendered":"\n<p>U <strong>nedjelju, 5. aprila<\/strong> \u0107emo na Trgu slobode zajedno <strong>obilje\u017eiti katoli\u010dki Uskrs<\/strong> uz nastup <strong>Folklornog ansambla \u201ePanonija\u201c<\/strong> iz Tuzle sa po\u010detkom u 12.00 sati.<\/p>\n","protected":false},"featured_media":28796,"template":"","categories":[32,9,15],"tags":[],"class_list":["post-28795","dogadaji","type-dogadaji","status-publish","has-post-thumbnail","hentry","category-festivali","category-kultura","category-zabava"],"_links":{"self":[{"href":"https:\/\/tztz.ba\/ba\/wp-json\/wp\/v2\/dogadaji\/28795","targetHints":{"allow":["GET"]}}],"collection":[{"href":"https:\/\/tztz.ba\/ba\/wp-json\/wp\/v2\/dogadaji"}],"about":[{"href":"https:\/\/tztz.ba\/ba\/wp-json\/wp\/v2\/types\/dogadaji"}],"wp:featuredmedia":[{"embeddable":true,"href":"https:\/\/tztz.ba\/ba\/wp-json\/wp\/v2\/media\/28796"}],"wp:attachment":[{"href":"https:\/\/tztz.ba\/ba\/wp-json\/wp\/v2\/media?parent=28795"}],"wp:term":[{"taxonomy":"category","embeddable":true,"href":"https:\/\/tztz.ba\/ba\/wp-json\/wp\/v2\/categories?post=28795"},{"taxonomy":"post_tag","embeddable":true,"href":"https:\/\/tztz.ba\/ba\/wp-json\/wp\/v2\/tags?post=28795"}],"curies":[{"name":"wp","href":"https:\/\/api.w.org\/{rel}","templated":true}]}}

Obilježavanje katoličkog Uskrsa

<p>U <strong>nedjelju, 5. aprila</strong> ćemo na Trgu slobode zajedno <strong>obilježiti katolički Uskrs</strong> uz nastup <strong>Folklornog ansambla „Panonija“</strong> iz Tuzle sa početkom u 12.00 sati.</p>
