{"id":29174,"date":"2026-04-29T13:35:08","date_gmt":"2026-04-29T13:35:08","guid":{"rendered":"https:\/\/tztz.ba\/ba\/?post_type=dogadaji&#038;p=29174"},"modified":"2026-04-29T13:35:17","modified_gmt":"2026-04-29T13:35:17","slug":"proljetni-sajam-cvijeca-i-rasadnog-materijala-djeciji-program-maskote-i-animatori-predstava-razbibriga","status":"publish","type":"dogadaji","link":"https:\/\/tztz.ba\/ba\/dogadaji\/proljetni-sajam-cvijeca-i-rasadnog-materijala-djeciji-program-maskote-i-animatori-predstava-razbibriga\/","title":{"rendered":"Proljetni sajam cvije\u0107a i rasadnog materijala, dje\u010diji program: maskote i animatori, predstava &#8216;Razbibriga&#8217;"},"content":{"rendered":"\n<p>U okviru manifestacije <strong>\u201eProlje\u0107e u Tuzli 2026\u201c<\/strong>, <strong>peti vikend, 2. i 3. maja<\/strong>, donosi bogat i raznovrstan program za sve generacije, koji \u0107e se realizovati na <strong>Trgu slobode<\/strong> i u <strong>Gradskom parku<\/strong>.<\/p>\n\n\n\n<p>Tokom <strong>2. i 3. maja<\/strong>, na <strong>Trgu slobode<\/strong> u periodu od <strong>10:00 do 18:00 sati<\/strong> bit \u0107e uprili\u010den <strong>Proljetni sajam cvije\u0107a i rasadnog materijala<\/strong>, koji \u0107e posjetiocima ponuditi \u0161irok izbor sezonskog cvije\u0107a i hortikulturnih proizvoda, uz priliku za ure\u0111enje vrtova i balkona u proljetnom duhu.<\/p>\n\n\n\n<p>U nedjelju, <strong>3. maja<\/strong> \u0107e u <strong>Gradskom parku<\/strong> u terminu od <strong>12:00 do 13:30 sati<\/strong> biti realizovan <strong>dje\u010diji program<\/strong> uz <strong>maskote, animatore i zabavne igre<\/strong>. U nastavku programa, od <strong>13:30 do 14:30 sati<\/strong>, bit \u0107e izvedena <strong>predstava za djecu &#8216;Razbibriga&#8217;<\/strong>, uz aktivno u\u010de\u0161\u0107e najmla\u0111ih.<\/p>\n\n\n\n<p>Dodatno, <strong>5. maja<\/strong> planiran je <strong>po\u010detak rada turisti\u010dkog vozi\u0107a<\/strong>, koji \u0107e obogatiti turisti\u010dku ponudu grada i omogu\u0107iti posjetiocima jedinstven do\u017eivljaj obilaska Tuzle.<\/p>\n\n\n\n<p>Pozivamo gra\u0111ane i posjetioce da posjete navedene sadr\u017eaje i budu dio <strong>proljetne atmosfere u gradu<\/strong>.<\/p>\n","protected":false},"featured_media":29175,"template":"","categories":[32,9,15],"tags":[],"class_list":["post-29174","dogadaji","type-dogadaji","status-publish","has-post-thumbnail","hentry","category-festivali","category-kultura","category-zabava"],"_links":{"self":[{"href":"https:\/\/tztz.ba\/ba\/wp-json\/wp\/v2\/dogadaji\/29174","targetHints":{"allow":["GET"]}}],"collection":[{"href":"https:\/\/tztz.ba\/ba\/wp-json\/wp\/v2\/dogadaji"}],"about":[{"href":"https:\/\/tztz.ba\/ba\/wp-json\/wp\/v2\/types\/dogadaji"}],"wp:featuredmedia":[{"embeddable":true,"href":"https:\/\/tztz.ba\/ba\/wp-json\/wp\/v2\/media\/29175"}],"wp:attachment":[{"href":"https:\/\/tztz.ba\/ba\/wp-json\/wp\/v2\/media?parent=29174"}],"wp:term":[{"taxonomy":"category","embeddable":true,"href":"https:\/\/tztz.ba\/ba\/wp-json\/wp\/v2\/categories?post=29174"},{"taxonomy":"post_tag","embeddable":true,"href":"https:\/\/tztz.ba\/ba\/wp-json\/wp\/v2\/tags?post=29174"}],"curies":[{"name":"wp","href":"https:\/\/api.w.org\/{rel}","templated":true}]}}

Proljetni sajam cvijeća i rasadnog materijala, dječiji program: maskote i animatori, predstava &#8216;Razbibriga&#8217;

<p>U okviru manifestacije <strong>„Proljeće u Tuzli 2026“</strong>, <strong>peti vikend, 2. i 3. maja</strong>, donosi bogat i raznovrstan program za sve generacije, koji će se realizovati na <strong>Trgu slobode</strong> i u <strong>Gradskom parku</strong>.</p>



<p>Tokom <strong>2. i 3. maja</strong>, na <strong>Trgu slobode</strong> u periodu od <strong>10:00 do 18:00 sati</strong> bit će upriličen <strong>Proljetni sajam cvijeća i rasadnog materijala</strong>, koji će posjetiocima ponuditi širok izbor sezonskog cvijeća i hortikulturnih proizvoda, uz priliku za uređenje vrtova i balkona u proljetnom duhu.</p>



<p>U nedjelju, <strong>3. maja</strong> će u <strong>Gradskom parku</strong> u terminu od <strong>12:00 do 13:30 sati</strong> biti realizovan <strong>dječiji program</strong> uz <strong>maskote, animatore i zabavne igre</strong>. U nastavku programa, od <strong>13:30 do 14:30 sati</strong>, bit će izvedena <strong>predstava za djecu &#8216;Razbibriga&#8217;</strong>, uz aktivno učešće najmlađih.</p>



<p>Dodatno, <strong>5. maja</strong> planiran je <strong>početak rada turističkog vozića</strong>, koji će obogatiti turističku ponudu grada i omogućiti posjetiocima jedinstven doživljaj obilaska Tuzle.</p>



<p>Pozivamo građane i posjetioce da posjete navedene sadržaje i budu dio <strong>proljetne atmosfere u gradu</strong>.</p>
