{"id":30494,"date":"2026-08-26T12:12:04","date_gmt":"2026-08-26T12:12:04","guid":{"rendered":"https:\/\/tztz.ba\/ba\/?post_type=dogadaji&#038;p=30494"},"modified":"2026-08-26T12:12:09","modified_gmt":"2026-08-26T12:12:09","slug":"tuzla-prvi-medunarodni-festival-lutijera-u-bosni-i-hercegovini","status":"publish","type":"dogadaji","link":"https:\/\/tztz.ba\/ba\/dogadaji\/tuzla-prvi-medunarodni-festival-lutijera-u-bosni-i-hercegovini\/","title":{"rendered":"Tuzla: Prvi me\u0111unarodni festival lutijera u Bosni i Hercegovini"},"content":{"rendered":"\n<p>Grad Tuzla \u0107e u subotu, 12.septembra biti doma\u0107in prvog me\u0111unarodnog festivala lutijera u BiH \u2013 pod nazivom \u201cTuzla String Exhibition\u201d, mjestu susreta vrhunskih graditelja guda\u010dkih instrumenata i istaknutih umjetnika iz regiona i Evrope, koji \u0107e svoje instrumente izlo\u017eiti u izlo\u017ebenom holu Doma mladih, u sastavu Centra za kulturu Tuzla.<\/p>\n\n\n\n<p>Tuzla String Exhibition, prvi me\u0111unarodni festival lutijera (graditelja viola i violina) u Tuzli, ali i &nbsp;u BiH, donosi jedinstven cjelodnevni program posve\u0107en umjetnosti izrade guda\u010dkih instrumenata, razmjeni znanja i vrhunskom muzi\u010dkom stvarala\u0161tvu. Idejni tvorac i organizator festivala je tuzlanski lutijer Mensur Avdi\u0107 (Avdi\u0107 Violins), koji realizuje ovaj festival u saradnji sa Centrom za kulturu Tuzla.<\/p>\n\n\n\n<p>U\u010de\u0161\u0107e na festivalu uzelo je 16 lutijera iz BiH, Srbije, Hrvatske i Makedonije, koji \u0107e predstaviti svoje ru\u010dno izra\u0111ene viole i violine. Posjetioci \u0107e imati priliku da razgledaju jedinstvene instrumente, upoznaju njjuhove graditelje i saznaju vi\u0161e detalja o ovom rijetkom umjetni\u010dkom zanatu.<\/p>\n\n\n\n<p>Program festivala po\u010dinje prijavom u\u010desnika i postvaljanjem izlo\u017ebe. U terminu od 10 do 12 sati&nbsp; bi\u0107e odr\u017ean simpozij graditelja violina, stru\u010dni susret posve\u0107en razvoju i o\u010duvanju lutijerstva te razmjeni iskustava me\u0111u majstorima iz regiona. Zvani\u010dno otvaranje programa i izlo\u017ebe po\u010dinje u 12 sati.<\/p>\n\n\n\n<p>Sve\u010dani dio programa obilje\u017eit \u0107e koncert za violu i violinu, na kojem nastupaju eminentni umjetnici \u2013 austrijski violist, Wolfgang W\u00f6lfer i violinistkinja iz Bosne i Hercegovine, Violeta Smajlovi\u0107 Huart. Publika \u0107e imati priliku da u\u017eiva u vrhunskom muzi\u010dkom programu koji \u0107e na poseban na\u010din povezati umjetnost gradnje instrumenata i umjetnost njihovog izvo\u0111enja. Festival se organizuje uz podr\u0161ku partnera: A. String Festa, Sarajevske filharmonije, 050 Rosini Barsa Wood.<\/p>\n\n\n\n<p>Izlo\u017eba viola i violina na festivalu lutijera guda\u010dkih instrumenata u Tuzli, predstavlja va\u017ean iskorak za kulturnu scenu BiH jer po prvi put okuplja me\u0111unarodnu zajednicu lutijera i otvara novo poglavlje u promociji umjetnosti, zanatstva i klasi\u010dne muzike u na\u0161oj zemlji. Ulaz na festival i sve prate\u0107e sadr\u017eaje je slobodan.<\/p>\n","protected":false},"featured_media":30495,"template":"","categories":[32,9],"tags":[],"class_list":["post-30494","dogadaji","type-dogadaji","status-publish","has-post-thumbnail","hentry","category-festivali","category-kultura"],"_links":{"self":[{"href":"https:\/\/tztz.ba\/ba\/wp-json\/wp\/v2\/dogadaji\/30494","targetHints":{"allow":["GET"]}}],"collection":[{"href":"https:\/\/tztz.ba\/ba\/wp-json\/wp\/v2\/dogadaji"}],"about":[{"href":"https:\/\/tztz.ba\/ba\/wp-json\/wp\/v2\/types\/dogadaji"}],"wp:featuredmedia":[{"embeddable":true,"href":"https:\/\/tztz.ba\/ba\/wp-json\/wp\/v2\/media\/30495"}],"wp:attachment":[{"href":"https:\/\/tztz.ba\/ba\/wp-json\/wp\/v2\/media?parent=30494"}],"wp:term":[{"taxonomy":"category","embeddable":true,"href":"https:\/\/tztz.ba\/ba\/wp-json\/wp\/v2\/categories?post=30494"},{"taxonomy":"post_tag","embeddable":true,"href":"https:\/\/tztz.ba\/ba\/wp-json\/wp\/v2\/tags?post=30494"}],"curies":[{"name":"wp","href":"https:\/\/api.w.org\/{rel}","templated":true}]}}

Tuzla: Prvi međunarodni festival lutijera u Bosni i Hercegovini

<p>Grad Tuzla će u subotu, 12.septembra biti domaćin prvog međunarodnog festivala lutijera u BiH – pod nazivom “Tuzla String Exhibition”, mjestu susreta vrhunskih graditelja gudačkih instrumenata i istaknutih umjetnika iz regiona i Evrope, koji će svoje instrumente izložiti u izložbenom holu Doma mladih, u sastavu Centra za kulturu Tuzla.</p>



<p>Tuzla String Exhibition, prvi međunarodni festival lutijera (graditelja viola i violina) u Tuzli, ali i &nbsp;u BiH, donosi jedinstven cjelodnevni program posvećen umjetnosti izrade gudačkih instrumenata, razmjeni znanja i vrhunskom muzičkom stvaralaštvu. Idejni tvorac i organizator festivala je tuzlanski lutijer Mensur Avdić (Avdić Violins), koji realizuje ovaj festival u saradnji sa Centrom za kulturu Tuzla.</p>



<p>Učešće na festivalu uzelo je 16 lutijera iz BiH, Srbije, Hrvatske i Makedonije, koji će predstaviti svoje ručno izrađene viole i violine. Posjetioci će imati priliku da razgledaju jedinstvene instrumente, upoznaju njjuhove graditelje i saznaju više detalja o ovom rijetkom umjetničkom zanatu.</p>



<p>Program festivala počinje prijavom učesnika i postvaljanjem izložbe. U terminu od 10 do 12 sati&nbsp; biće održan simpozij graditelja violina, stručni susret posvećen razvoju i očuvanju lutijerstva te razmjeni iskustava među majstorima iz regiona. Zvanično otvaranje programa i izložbe počinje u 12 sati.</p>



<p>Svečani dio programa obilježit će koncert za violu i violinu, na kojem nastupaju eminentni umjetnici – austrijski violist, Wolfgang Wölfer i violinistkinja iz Bosne i Hercegovine, Violeta Smajlović Huart. Publika će imati priliku da uživa u vrhunskom muzičkom programu koji će na poseban način povezati umjetnost gradnje instrumenata i umjetnost njihovog izvođenja. Festival se organizuje uz podršku partnera: A. String Festa, Sarajevske filharmonije, 050 Rosini Barsa Wood.</p>



<p>Izložba viola i violina na festivalu lutijera gudačkih instrumenata u Tuzli, predstavlja važan iskorak za kulturnu scenu BiH jer po prvi put okuplja međunarodnu zajednicu lutijera i otvara novo poglavlje u promociji umjetnosti, zanatstva i klasične muzike u našoj zemlji. Ulaz na festival i sve prateće sadržaje je slobodan.</p>
