{"id":472,"date":"2018-07-11T04:42:50","date_gmt":"2018-07-11T04:42:50","guid":{"rendered":"https:\/\/tztz.ba\/ba\/?page_id=472"},"modified":"2026-01-29T13:07:47","modified_gmt":"2026-01-29T13:07:47","slug":"dom-mladih-tuzla","status":"publish","type":"page","link":"https:\/\/tztz.ba\/ba\/dom-mladih-tuzla\/","title":{"rendered":"Dom mladih Tuzla"},"content":{"rendered":"<p style=\"text-align: justify;\"><a href=\"https:\/\/centarzakulturutuzla.ba\/centar\/dom-mladih\/\" target=\"_blank\" rel=\"noopener\">\u201eDom mladih\u201c Tuzla<\/a>, \u010diji je osniva\u010d Grad Tuzla, funkcioni\u0161e kao ustanova otvorenog sistema, koji direktno odgovara na potrebe pojedinaca, organizacija i drugih javnih ustanova koje se bave pitanjima kulture, umjetnosti i mladih.<\/p>\n<p>Svako udru\u017eenje, umjetni\u010dka organizacija, \u0161kola, kao i formalne i neformalne grupe mladih, mogu koristiti resurse Doma mladih za realizaciju programa iz oblasti savremene umjetnosti i kulture, kao i razli\u010ditih edukativnih aktivnosti za mlade. Prednost ove ustanove je u otvorenom pristupu \u2013 korisnici imaju mogu\u0107nost samostalnog oblikovanja svojih aktivnosti, na na\u010din koji im najvi\u0161e odgovara, uz podr\u0161ku tehni\u010dkog, medijskog i drugog neophodnog osoblja, te fleksibilnost zaposlenih.<\/p>\n<p>Aktivnosti Doma mladih Tuzla odvijaju se na vi\u0161e lokacija, odnosno kroz organizacione jedinice: \u201eDru\u0161tveni dom\u201c Gornja Tuzla, Spomen-dom \u201eHusinska buna\u201c na Husinu, \u201e\u0160vedska ku\u0107a solidarnosti\u201c Gornja Lipnica, \u201eKaleidoskop\u201c, \u201eDom knji\u017eevnosti\u201c i Centralni objekat u Tuzli. Na svim ovim lokacijama realizuju se programi me\u0111unarodnih festivala, muzi\u010dki doga\u0111aji, sadr\u017eaji doma\u0107e produkcije (predstave, koncerti, izlo\u017ebe, performansi, snimanja spotova i sli\u010dno), kao i redovne aktivnosti (probe doma\u0107ih bendova, radionice, vje\u017ebe i dr.), te projekcije filmova, prezentacije, konferencije, skupovi razli\u010ditih udru\u017eenja i sastanci organizacija.<\/p>\n<p>Dom mladih Tuzla, kao izvr\u0161ni producent, u\u010destvuje u realizaciji manifestacija koje organizuje Grad Tuzla, me\u0111u kojima su Me\u0111unarodni knji\u017eevni susreti \u201eCum grano salis\u201c, Festival savremene umjetnosti mladih \u201eKaleidoskop\u201c i tradicionalna manifestacija \u201eLjeto u Tuzli\u201c, kao i brojni sajmovi i druge manifestacije koje se odr\u017eavaju tokom cijele godine.<\/p>\n","protected":false},"excerpt":{"rendered":"<p>\u201eDom mladih\u201c Tuzla, \u010diji je osniva\u010d Grad Tuzla, funkcioni\u0161e kao ustanova otvorenog sistema, koji direktno&#8230;<\/p>\n","protected":false},"author":1,"featured_media":507,"parent":0,"menu_order":0,"comment_status":"closed","ping_status":"closed","template":"","meta":{"footnotes":""},"class_list":["post-472","page","type-page","status-publish","has-post-thumbnail","hentry"],"_links":{"self":[{"href":"https:\/\/tztz.ba\/ba\/wp-json\/wp\/v2\/pages\/472","targetHints":{"allow":["GET"]}}],"collection":[{"href":"https:\/\/tztz.ba\/ba\/wp-json\/wp\/v2\/pages"}],"about":[{"href":"https:\/\/tztz.ba\/ba\/wp-json\/wp\/v2\/types\/page"}],"author":[{"embeddable":true,"href":"https:\/\/tztz.ba\/ba\/wp-json\/wp\/v2\/users\/1"}],"replies":[{"embeddable":true,"href":"https:\/\/tztz.ba\/ba\/wp-json\/wp\/v2\/comments?post=472"}],"version-history":[{"count":4,"href":"https:\/\/tztz.ba\/ba\/wp-json\/wp\/v2\/pages\/472\/revisions"}],"predecessor-version":[{"id":28351,"href":"https:\/\/tztz.ba\/ba\/wp-json\/wp\/v2\/pages\/472\/revisions\/28351"}],"wp:featuredmedia":[{"embeddable":true,"href":"https:\/\/tztz.ba\/ba\/wp-json\/wp\/v2\/media\/507"}],"wp:attachment":[{"href":"https:\/\/tztz.ba\/ba\/wp-json\/wp\/v2\/media?parent=472"}],"curies":[{"name":"wp","href":"https:\/\/api.w.org\/{rel}","templated":true}]}}

<p style="text-align: justify;"><a href="https://centarzakulturutuzla.ba/centar/dom-mladih/" target="_blank" rel="noopener">„Dom mladih“ Tuzla</a>, čiji je osnivač Grad Tuzla, funkcioniše kao ustanova otvorenog sistema, koji direktno odgovara na potrebe pojedinaca, organizacija i drugih javnih ustanova koje se bave pitanjima kulture, umjetnosti i mladih.</p>
<p>Svako udruženje, umjetnička organizacija, škola, kao i formalne i neformalne grupe mladih, mogu koristiti resurse Doma mladih za realizaciju programa iz oblasti savremene umjetnosti i kulture, kao i različitih edukativnih aktivnosti za mlade. Prednost ove ustanove je u otvorenom pristupu – korisnici imaju mogućnost samostalnog oblikovanja svojih aktivnosti, na način koji im najviše odgovara, uz podršku tehničkog, medijskog i drugog neophodnog osoblja, te fleksibilnost zaposlenih.</p>
<p>Aktivnosti Doma mladih Tuzla odvijaju se na više lokacija, odnosno kroz organizacione jedinice: „Društveni dom“ Gornja Tuzla, Spomen-dom „Husinska buna“ na Husinu, „Švedska kuća solidarnosti“ Gornja Lipnica, „Kaleidoskop“, „Dom književnosti“ i Centralni objekat u Tuzli. Na svim ovim lokacijama realizuju se programi međunarodnih festivala, muzički događaji, sadržaji domaće produkcije (predstave, koncerti, izložbe, performansi, snimanja spotova i slično), kao i redovne aktivnosti (probe domaćih bendova, radionice, vježbe i dr.), te projekcije filmova, prezentacije, konferencije, skupovi različitih udruženja i sastanci organizacija.</p>
<p>Dom mladih Tuzla, kao izvršni producent, učestvuje u realizaciji manifestacija koje organizuje Grad Tuzla, među kojima su Međunarodni književni susreti „Cum grano salis“, Festival savremene umjetnosti mladih „Kaleidoskop“ i tradicionalna manifestacija „Ljeto u Tuzli“, kao i brojni sajmovi i druge manifestacije koje se održavaju tokom cijele godine.</p>

<p>„Dom mladih“ Tuzla, čiji je osnivač Grad Tuzla, funkcioniše kao ustanova otvorenog sistema, koji direktno&#8230;</p>
