{"id":698,"date":"2018-07-12T04:09:47","date_gmt":"2018-07-12T04:09:47","guid":{"rendered":"https:\/\/tztz.ba\/ba\/?page_id=698"},"modified":"2018-07-12T04:09:47","modified_gmt":"2018-07-12T04:09:47","slug":"ljeto-u-tuzli","status":"publish","type":"page","link":"https:\/\/tztz.ba\/ba\/ljeto-u-tuzli\/","title":{"rendered":"Ljeto u Tuzli"},"content":{"rendered":"<p style=\"font-weight: 400;\">U posljednjih nekoliko godina Tuzla je do\u017eivjela pravi kulturni preporod, a gradske strukture odlu\u010dne su da sve raspolo\u017eive resurse ulo\u017ee u razvoj turizma. U skladu s tim ve\u0107 nekoliko godina Grad Tuzla organizuje manifestaciju \u201eLjeto u Tuzli\u201c koja u okviru svojih sadr\u017eaja nudi po ne\u0161to za sve starosne skupine.<\/p>\n<p style=\"font-weight: 400;\"><a href=\"http:\/\/grad.tuzla.ba\/wp-content\/uploads\/2018\/06\/Program-Ljeto-u-Tuzli-2018_v10.pdf\" data-saferedirecturl=\"https:\/\/www.google.com\/url?q=http:\/\/grad.tuzla.ba\/wp-content\/uploads\/2018\/06\/Program-Ljeto-u-Tuzli-2018_v10.pdf&amp;source=gmail&amp;ust=1531346255371000&amp;usg=AFQjCNE85oUphBwSwV8gPI1z4SfEo2WlFg\">Program Ljeto u Tuzli 2018<\/a><\/p>\n","protected":false},"excerpt":{"rendered":"<p>U posljednjih nekoliko godina Tuzla je do\u017eivjela pravi kulturni preporod, a gradske strukture odlu\u010dne su&#8230;<\/p>\n","protected":false},"author":1,"featured_media":177,"parent":0,"menu_order":0,"comment_status":"closed","ping_status":"closed","template":"","meta":{"footnotes":""},"class_list":["post-698","page","type-page","status-publish","has-post-thumbnail","hentry"],"_links":{"self":[{"href":"https:\/\/tztz.ba\/ba\/wp-json\/wp\/v2\/pages\/698","targetHints":{"allow":["GET"]}}],"collection":[{"href":"https:\/\/tztz.ba\/ba\/wp-json\/wp\/v2\/pages"}],"about":[{"href":"https:\/\/tztz.ba\/ba\/wp-json\/wp\/v2\/types\/page"}],"author":[{"embeddable":true,"href":"https:\/\/tztz.ba\/ba\/wp-json\/wp\/v2\/users\/1"}],"replies":[{"embeddable":true,"href":"https:\/\/tztz.ba\/ba\/wp-json\/wp\/v2\/comments?post=698"}],"version-history":[{"count":1,"href":"https:\/\/tztz.ba\/ba\/wp-json\/wp\/v2\/pages\/698\/revisions"}],"predecessor-version":[{"id":699,"href":"https:\/\/tztz.ba\/ba\/wp-json\/wp\/v2\/pages\/698\/revisions\/699"}],"wp:featuredmedia":[{"embeddable":true,"href":"https:\/\/tztz.ba\/ba\/wp-json\/wp\/v2\/media\/177"}],"wp:attachment":[{"href":"https:\/\/tztz.ba\/ba\/wp-json\/wp\/v2\/media?parent=698"}],"curies":[{"name":"wp","href":"https:\/\/api.w.org\/{rel}","templated":true}]}}

<p style="font-weight: 400;">U posljednjih nekoliko godina Tuzla je doživjela pravi kulturni preporod, a gradske strukture odlučne su da sve raspoložive resurse ulože u razvoj turizma. U skladu s tim već nekoliko godina Grad Tuzla organizuje manifestaciju „Ljeto u Tuzli“ koja u okviru svojih sadržaja nudi po nešto za sve starosne skupine.</p>
<p style="font-weight: 400;"><a href="http://grad.tuzla.ba/wp-content/uploads/2018/06/Program-Ljeto-u-Tuzli-2018_v10.pdf" data-saferedirecturl="https://www.google.com/url?q=http://grad.tuzla.ba/wp-content/uploads/2018/06/Program-Ljeto-u-Tuzli-2018_v10.pdf&amp;source=gmail&amp;ust=1531346255371000&amp;usg=AFQjCNE85oUphBwSwV8gPI1z4SfEo2WlFg">Program Ljeto u Tuzli 2018</a></p>

<p>U posljednjih nekoliko godina Tuzla je doživjela pravi kulturni preporod, a gradske strukture odlučne su&#8230;</p>
